{"id":8,"date":"2023-03-13T06:38:36","date_gmt":"2023-03-13T06:38:36","guid":{"rendered":"http:\/\/ampcs.de\/?page_id=8"},"modified":"2025-11-02T18:25:08","modified_gmt":"2025-11-02T18:25:08","slug":"impressum","status":"publish","type":"page","link":"https:\/\/ampcs.de\/?page_id=8","title":{"rendered":"Impressum"},"content":{"rendered":"\t\t<div data-elementor-type=\"wp-page\" data-elementor-id=\"8\" class=\"elementor elementor-8\">\n\t\t\t\t\t\t<section class=\"elementor-section elementor-top-section elementor-element elementor-element-5527c43 elementor-section-boxed elementor-section-height-default elementor-section-height-default\" data-id=\"5527c43\" data-element_type=\"section\" data-e-type=\"section\">\n\t\t\t\t\t\t<div class=\"elementor-container elementor-column-gap-default\">\n\t\t\t\t\t<div class=\"elementor-column elementor-col-100 elementor-top-column elementor-element elementor-element-ef64af6\" data-id=\"ef64af6\" data-element_type=\"column\" data-e-type=\"column\">\n\t\t\t<div class=\"elementor-widget-wrap elementor-element-populated\">\n\t\t\t\t\t\t<div class=\"elementor-element elementor-element-46535a30 elementor-widget elementor-widget-text-editor\" data-id=\"46535a30\" data-element_type=\"widget\" data-e-type=\"widget\" data-widget_type=\"text-editor.default\">\n\t\t\t\t\t\t\t\t\t<p>Name des Unternehmens: IT-Duisburg<\/p><p>Rechtsform: Einzelunternehmen<br \/>Vertretungsberechtigte: Andreas M\u00fcller<\/p><p>Gesch\u00e4ftsadresse: W\u00f6rthstr. 49, 47229 Duisburg &#8211; Friemersheim<br \/>Angaben zur Kontaktierung: 02065 \u2013 8399202<br \/>E-Mail:\u00a0<a href=\"mailto:service@it-duisburg.de\">Service (@) It-Duisburg.de <br \/><\/a><strong>Handy: 0151-11 22 44 42<\/strong><\/p><p>Dieses Internetangebot wurde ver\u00f6ffentlicht von:<br \/>IT-Duisburg<br \/>W\u00f6rthstr. 49<br \/>47229 Duisburg &#8211; Friemersheim<br \/>Telefon: 02065 \u2013 8399202<br \/>Telefax: 02065 \u2013 8399274<br \/>E-Mail: service (@) it-duisburg.de<\/p><p>Alle Angebote auf dieser Website sind freibleibend. Eine Haftung f\u00fcr unverschuldete Fehler auf dieser Seite, sowie f\u00fcr Inhalte extern verlinkter Seiten kann nicht \u00fcbernommen werden.<\/p><p><strong>Verantwortlicher i.S.d. Telemediengesetzes (TMG)<\/strong><\/p><p>F\u00fcr die Inhalte dieser Website zeichnet sich verantwortlich im Sinne des Telemediengesetzes (TMG):<br \/>Andreas M\u00fcller<br \/>W\u00f6rthstr 49<br \/>47229 Duisburg &#8211; Friemersheim<br \/>Telefon: 02065 \u2013 8399202<br \/>Telefax: 02065 \u2013 8399274<br \/>E-Mail: Service (@) it-duisburg.de<\/p><p><strong>Haftungsausschluss \/ Disclaimer<\/strong><\/p><p>Aus rechtlichen Gr\u00fcnden m\u00fcssen wir Sie darauf hinweisen, dass wir f\u00fcr die Inhalte von Webseiten Dritter \u2013 auch wenn diese von dieser Website per Hyperlink zu erreichen sind \u2013 keine Verantwortung \u00fcbernehmen k\u00f6nnen! Eine Haftung f\u00fcr die Inhalte externer Seiten ist hiermit ausdr\u00fccklich ausgeschlossen. Wir haben keinerlei Einfluss auf die Gestaltung und die Inhalte von Webseiten Dritter.<\/p><p><strong>Datenschutz-Grundverordnung:<\/strong><\/p><p>Ihre Gesundheit und Ihre Daten sind uns wichtig. Gem\u00e4\u00df der Datenschutz-Grundverordnung (DSGVO) sind wir verpflichtet, Sie dar\u00fcber zu informieren, dass Ihre Daten bei uns gespeichert werden. Weiter Informationen dazu finden Sie in unserer\u00a0<a href=\"https:\/\/www.it-duisburg.de\/datenschutzerklarung\/\">Datenschutzerkl\u00e4rung<\/a>.<\/p><h2>\u00a0<\/h2><p>151<\/p>\t\t\t\t\t\t\t\t<\/div>\n\t\t\t\t\t<\/div>\n\t\t<\/div>\n\t\t\t\t\t<\/div>\n\t\t<\/section>\n\t\t\t\t<\/div>\n\t\t","protected":false},"excerpt":{"rendered":"<p>This is a page\/post excerpt text. <a href=\"http:\/\/easycaptures.com\/fs\/uploaded\/1105\/7384447174.jpg\">How to edit excerpt field content?<\/a><\/p>\n","protected":false},"author":1,"featured_media":0,"parent":0,"menu_order":0,"comment_status":"closed","ping_status":"closed","template":"","meta":{"_crdt_document":"","footnotes":""},"class_list":["post-8","page","type-page","status-publish","hentry"],"_links":{"self":[{"href":"https:\/\/ampcs.de\/index.php?rest_route=\/wp\/v2\/pages\/8","targetHints":{"allow":["GET"]}}],"collection":[{"href":"https:\/\/ampcs.de\/index.php?rest_route=\/wp\/v2\/pages"}],"about":[{"href":"https:\/\/ampcs.de\/index.php?rest_route=\/wp\/v2\/types\/page"}],"author":[{"embeddable":true,"href":"https:\/\/ampcs.de\/index.php?rest_route=\/wp\/v2\/users\/1"}],"replies":[{"embeddable":true,"href":"https:\/\/ampcs.de\/index.php?rest_route=%2Fwp%2Fv2%2Fcomments&post=8"}],"version-history":[{"count":38,"href":"https:\/\/ampcs.de\/index.php?rest_route=\/wp\/v2\/pages\/8\/revisions"}],"predecessor-version":[{"id":920,"href":"https:\/\/ampcs.de\/index.php?rest_route=\/wp\/v2\/pages\/8\/revisions\/920"}],"wp:attachment":[{"href":"https:\/\/ampcs.de\/index.php?rest_route=%2Fwp%2Fv2%2Fmedia&parent=8"}],"curies":[{"name":"wp","href":"https:\/\/api.w.org\/{rel}","templated":true}]}}